{"id":1408,"date":"2023-09-07T21:40:10","date_gmt":"2023-09-07T21:40:10","guid":{"rendered":"https:\/\/agencia.boutique\/?page_id=1408"},"modified":"2023-09-07T21:46:27","modified_gmt":"2023-09-07T21:46:27","slug":"aviso-legal","status":"publish","type":"page","link":"https:\/\/agencia.boutique\/index.php\/aviso-legal\/","title":{"rendered":"Aviso Legal"},"content":{"rendered":"\t\t<div data-elementor-type=\"wp-page\" data-elementor-id=\"1408\" class=\"elementor elementor-1408\">\n\t\t\t\t\t\t\t\t\t<section class=\"elementor-section elementor-top-section elementor-element elementor-element-59263731 elementor-section-boxed elementor-section-height-default elementor-section-height-default\" data-id=\"59263731\" data-element_type=\"section\">\n\t\t\t\t\t\t<div class=\"elementor-container elementor-column-gap-default\">\n\t\t\t\t\t<div class=\"elementor-column elementor-col-100 elementor-top-column elementor-element elementor-element-242fef1c\" data-id=\"242fef1c\" data-element_type=\"column\">\n\t\t\t<div class=\"elementor-widget-wrap elementor-element-populated\">\n\t\t\t\t\t\t\t\t<div class=\"elementor-element elementor-element-1121c88e elementor-widget__width-initial elementor-widget elementor-widget-text-editor\" data-id=\"1121c88e\" data-element_type=\"widget\" data-widget_type=\"text-editor.default\">\n\t\t\t\t<div class=\"elementor-widget-container\">\n\t\t\t<style>\/*! elementor - v3.15.0 - 20-08-2023 *\/\n.elementor-widget-text-editor.elementor-drop-cap-view-stacked .elementor-drop-cap{background-color:#69727d;color:#fff}.elementor-widget-text-editor.elementor-drop-cap-view-framed .elementor-drop-cap{color:#69727d;border:3px solid;background-color:transparent}.elementor-widget-text-editor:not(.elementor-drop-cap-view-default) .elementor-drop-cap{margin-top:8px}.elementor-widget-text-editor:not(.elementor-drop-cap-view-default) .elementor-drop-cap-letter{width:1em;height:1em}.elementor-widget-text-editor .elementor-drop-cap{float:left;text-align:center;line-height:1;font-size:50px}.elementor-widget-text-editor .elementor-drop-cap-letter{display:inline-block}<\/style>\t\t\t\t<h1>Aviso Legal<\/h1><p>Bienvenido\/a a nuestro sitio web. Este aviso legal establece los t\u00e9rminos y condiciones que rigen el acceso y uso de nuestro sitio web. Al acceder y utilizar nuestro sitio web, acepta estos t\u00e9rminos y condiciones en su totalidad.<\/p><h3>Propiedad intelectual<\/h3><p>Todo el contenido, dise\u00f1o, gr\u00e1ficos, texto, im\u00e1genes, software y otros materiales en nuestro sitio web est\u00e1n protegidos por derechos de propiedad intelectual. Estos materiales son propiedad exclusiva de nuestra empresa o de nuestros proveedores y est\u00e1n protegidos por las leyes de propiedad intelectual. El acceso y uso de nuestro sitio web no le otorga ning\u00fan derecho o licencia para utilizar o explotar de cualquier otra forma cualquier derecho de propiedad intelectual que pertenezca a nuestra empresa o a nuestros proveedores.<\/p><h3>Pol\u00edtica de privacidad<\/h3><p>Respetamos su privacidad y estamos comprometidos a proteger sus datos personales. Nuestra pol\u00edtica de privacidad describe c\u00f3mo recopilamos, utilizamos y compartimos sus datos personales en nuestro sitio web. Al utilizar nuestro sitio web, acepta nuestra pol\u00edtica de privacidad.<\/p><h3>Limitaci\u00f3n de responsabilidad<\/h3><p>Nuestra empresa no ser\u00e1 responsable de ning\u00fan da\u00f1o o perjuicio que pueda sufrir como resultado del uso de nuestro sitio web. En particular, no seremos responsables de ning\u00fan da\u00f1o directo o indirecto, incluyendo da\u00f1os por p\u00e9rdida de beneficios, interrupci\u00f3n del negocio, p\u00e9rdida de informaci\u00f3n o cualquier otro da\u00f1o similar, incluso si se ha informado a nuestra empresa de la posibilidad de tales da\u00f1os.<\/p><h5><b>Modificaciones<\/b><\/h5><p>Nos reservamos el derecho de modificar estos t\u00e9rminos y condiciones en cualquier momento y sin previo aviso. Al utilizar nuestro sitio web despu\u00e9s de que se hayan publicado las modificaciones, acepta los t\u00e9rminos y condiciones actualizados.<\/p><h5><b>Ley aplicable<\/b><\/h5><p>Este aviso legal se rige por las leyes de los Estados Unidos de Am\u00e9rica y cualquier disputa que surja en relaci\u00f3n con este aviso legal estar\u00e1 sujeta a la jurisdicci\u00f3n exclusiva de los tribunales de Estados Unidos de Am\u00e9rica.<\/p><p>Si tiene alguna pregunta o comentario sobre nuestro aviso legal, por favor p\u00f3ngase en contacto con nosotros. Gracias por visitar nuestro sitio web.<\/p>\t\t\t\t\t\t<\/div>\n\t\t\t\t<\/div>\n\t\t\t\t\t<\/div>\n\t\t<\/div>\n\t\t\t\t\t\t\t<\/div>\n\t\t<\/section>\n\t\t\t\t\t\t\t<\/div>\n\t\t","protected":false},"excerpt":{"rendered":"<p>Aviso Legal Bienvenido\/a a nuestro sitio web. Este aviso legal establece los t\u00e9rminos y condiciones que rigen el acceso y uso de nuestro sitio web. Al acceder y utilizar nuestro sitio web, acepta estos t\u00e9rminos y condiciones en su totalidad. Propiedad intelectual Todo el contenido, dise\u00f1o, gr\u00e1ficos, texto, im\u00e1genes, software y otros materiales en nuestro &hellip;<\/p>\n<p class=\"read-more\"> <a class=\"\" href=\"https:\/\/agencia.boutique\/index.php\/aviso-legal\/\"> <span class=\"screen-reader-text\">Aviso Legal<\/span> Leer m\u00e1s &raquo;<\/a><\/p>\n","protected":false},"author":1,"featured_media":0,"parent":0,"menu_order":0,"comment_status":"closed","ping_status":"closed","template":"elementor_canvas","meta":{"site-sidebar-layout":"no-sidebar","site-content-layout":"page-builder","ast-site-content-layout":"default","site-content-style":"default","site-sidebar-style":"default","ast-global-header-display":"","ast-banner-title-visibility":"","ast-main-header-display":"","ast-hfb-above-header-display":"","ast-hfb-below-header-display":"","ast-hfb-mobile-header-display":"","site-post-title":"disabled","ast-breadcrumbs-content":"","ast-featured-img":"disabled","footer-sml-layout":"","theme-transparent-header-meta":"","adv-header-id-meta":"","stick-header-meta":"","header-above-stick-meta":"","header-main-stick-meta":"","header-below-stick-meta":"","astra-migrate-meta-layouts":"set","footnotes":""},"class_list":["post-1408","page","type-page","status-publish","hentry"],"_links":{"self":[{"href":"https:\/\/agencia.boutique\/index.php\/wp-json\/wp\/v2\/pages\/1408","targetHints":{"allow":["GET"]}}],"collection":[{"href":"https:\/\/agencia.boutique\/index.php\/wp-json\/wp\/v2\/pages"}],"about":[{"href":"https:\/\/agencia.boutique\/index.php\/wp-json\/wp\/v2\/types\/page"}],"author":[{"embeddable":true,"href":"https:\/\/agencia.boutique\/index.php\/wp-json\/wp\/v2\/users\/1"}],"replies":[{"embeddable":true,"href":"https:\/\/agencia.boutique\/index.php\/wp-json\/wp\/v2\/comments?post=1408"}],"version-history":[{"count":4,"href":"https:\/\/agencia.boutique\/index.php\/wp-json\/wp\/v2\/pages\/1408\/revisions"}],"predecessor-version":[{"id":1413,"href":"https:\/\/agencia.boutique\/index.php\/wp-json\/wp\/v2\/pages\/1408\/revisions\/1413"}],"wp:attachment":[{"href":"https:\/\/agencia.boutique\/index.php\/wp-json\/wp\/v2\/media?parent=1408"}],"curies":[{"name":"wp","href":"https:\/\/api.w.org\/{rel}","templated":true}]}}